tor of 589 and 27997433?
31
Calculate the highest common factor of 1309780 and 16542826.
3046
What is the greatest common factor of 3100 and 301100?
100
Calculate the highest common factor of 8390336 and 320.
64
Calculate the greatest common factor of 198596 and 5994036.
524
What is the highest common factor of 7592336 and 7970552?
14008
What is the greatest common factor of 191253 and 7105652?
1723
Calculate the highest common divisor of 609 and 215693619.
87
Calculate the greatest common divisor of 25013451 and 3.
3
What is the greatest common divisor of 1294496 and 4032?
224
What is the highest common divisor of 191765480 and 380?
380
What is the highest common factor of 30687 and 6?
3
What is the highest common factor of 895 and 616592350?
895
What is the highest common factor of 16749 and 23539789?
1861
What is the highest common factor of 183315 and 297660?
1815
What is the highest common divisor of 62771225 and 319?
319
What is the highest common divisor of 37924631 and 614?
307
Calculate the highest common factor of 516 and 15422172.
12
What is the greatest common divisor of 1266890 and 1931290?
1510
What is the highest common divisor of 126 and 4876353?
9
Calculate the greatest common divisor of 998914 and 147.
49
What is the greatest common divisor of 84 and 12754623?
21
What is the highest common factor of 13105 and 7775?
5
Calculate the greatest common divisor of 6 and 152165001.
3
What is the greatest common factor of 2006 and 4687019?
1003
Calculate the highest common factor of 68 and 464481548.
68
What is the greatest common factor of 15498 and 4565628?
18
What is the highest common divisor of 272090 and 744744?
182
Calculate the highest common factor of 329485 and 273.
13
Calculate the highest common divisor of 19048 and 45217571.
2381
What is the highest common divisor of 63608509 and 1343?
1343
Calculate the highest common factor of 30095 and 6032.
13
Calculate the highest common divisor of 23980 and 300407052.
4796
What is the highest common divisor of 1077276 and 644568?
1284
Calculate the highest common divisor of 3869 and 48200002.
3869
Calculate the highest common factor of 2528205 and 3441.
93
What is the greatest common divisor of 2155564 and 26372?
1388
What is the highest common factor of 4232 and 40411?
23
Calculate the highest common factor of 4146607 and 219879.
2221
What is the greatest common divisor of 87503 and 441649?
689
Calculate the highest common factor of 567 and 78199857.
27
What is the highest common factor of 135 and 31969377?
27
Calculate the highest common factor of 3207 and 12771343.
1069
Calculate the greatest common divisor of 170 and 1908454.
34
Calculate the greatest common divisor of 23794378 and 1516.
758
What is the highest common factor of 4901 and 155614?
29
Calculate the greatest common divisor of 79271676 and 1431.
1431
What is the highest common factor of 711501144 and 24?
24
What is the highest common divisor of 5091137 and 166?
83
Calculate the highest common divisor of 575 and 183398550.
575
What is the greatest common divisor of 2851809 and 61536?
1923
What is the highest common divisor of 1360 and 100867460?
340
Calculate the highest common factor of 4327 and 1185961468.
4327
What is the highest common divisor of 10655 and 78231141?
2131
Calculate the highest common divisor of 536 and 21399264.
536
Calculate the highest common divisor of 19408 and 94732874.
2426
What is the highest common factor of 2181756 and 8748?
12
Calculate the highest common divisor of 2338 and 332639284.
334
What is the greatest common factor of 7707933 and 4185?
837
What is the highest common factor of 32512 and 4072?
8
Calculate the highest common factor of 1691512 and 1231282.
1334
Calculate the highest common divisor of 20 and 18177710.
10
What is the highest common factor of 170360 and 618680?
40
What is the greatest common divisor of 2163789 and 45?
9
Calculate the greatest common divisor of 117 and 79300.
13
Calculate the greatest common factor of 121480572 and 612.
204
What is the highest common factor of 2328828 and 60?
12
What is the greatest common factor of 741463942 and 76?
38
What is the greatest common divisor of 10443653 and 539?
11
What is the greatest common factor of 176 and 467500?
44
What is the highest common divisor of 54114 and 934866?
1866
What is the highest common factor of 2013489 and 16685?
71
What is the greatest common divisor of 976 and 16017624?
488
Calculate the greatest common divisor of 580897 and 102227.
151
What is the greatest common divisor of 214560310 and 890?
890
What is the greatest common factor of 8288 and 11666914?
518
What is the greatest common factor of 1026187 and 649?
59
Calculate the greatest common divisor of 667447 and 2292378.
517
What is the highest common divisor of 993159 and 2?
1
What is the greatest common divisor of 24055 and 6851?
17
Calculate the highest common divisor of 794979342 and 342.
342
What is the greatest common divisor of 10880 and 7845120?
640
Calculate the highest common divisor of 21725 and 4114550.
275
What is the highest common factor of 600 and 36884415?
15
What is the greatest common factor of 96 and 17137248?
96
Calculate the highest common factor of 116835 and 1305.
15
Calculate the highest common divisor of 5544 and 4413728.
88
Calculate the greatest common divisor of 192 and 78869440.
64
What is the greatest common factor of 63734607 and 19?
19
Calculate the greatest common divisor of 83697120 and 64.
32
Calculate the highest common divisor of 7 and 6361943.
7
What is the greatest common divisor of 66725 and 181778525?
3925
Calculate the highest common divisor of 186 and 121848.
6
Calculate the greatest common divisor of 7281534 and 400803.
1677
Calculate the highest common divisor of 162 and 54014850.
162
Calculate the greatest common divisor of 247000 and 363128.
152
Calculate the greatest common factor of 2426095 and 700.
35
Calculate the greatest common factor of 595 and 388043530.
595
What is the highest common divisor of 70 and 29352603?
7
Calculate the highest common divisor of 208409 and 41.
1
What is the greatest common factor of 364612328 and 372?
124
Calculate the greatest common divisor of 41942633 and 398.
199
What is the highest common divisor of 8070 and 364935?
15
What is the highest common divisor of 14645 and 26894785?
505
Calculate the highest common divisor of 296 and 7467118.
74
Calculate the highest common divisor of 285164 and 7524.
44
Calculate the highest common divisor of 6481456 and 32.
16
Calculate the greatest common factor of 68241 and 103362.
69
Calculate the greatest common factor of 63259 and 2929279.
1291
What is the greatest common divisor of 200070 and 5263?
19
Calculate the greatest common divisor of 1155 and 13829277.
231
Calculate the highest common factor of 503194 and 299.
23
Calculate the greatest common factor of 7784 and 7404808.
1112
What is the highest common factor of 147288305 and 1665?
185
What is the greatest common factor of 1550 and 1937717?
31
Calculate the highest common divisor of 2846142 and 2808.
234
What is the greatest common divisor of 2074163 and 19331?
13
What is the highest common divisor of 4050 and 10269990?
810
Calculate the greatest common factor of 32 and 1391100448.
32
What is the highest common factor of 572078819 and 52?
13
Calculate the greatest common divisor of 354 and 10382289.
177
Calculate the highest common factor of 4338 and 29193294.
1446
What is the greatest common factor of 22921467 and 57?
57
Calculate the highest common divisor of 72 and 18231606.
18
What is the greatest common divisor of 432736894 and 758?
758
Calculate the highest common factor of 442603 and 159.
53
What is the highest common divisor of 537862 and 2718?
302
Calculate the highest common divisor of 1251 and 348702211.
139
Calculate the greatest common divisor of 7286305 and 910.
65
Calculate the highest common divisor of 11022 and 78447582.
1002
What is the greatest common divisor of 1378906 and 1662?
554
Calculate the highest common factor of 65229 and 200736.
51
Calculate the highest common divisor of 3405760 and 58000.
2320
Calculate the highest common factor of 30296 and 903470.
1082
Calculate the highest common divisor of 20889940 and 1547.
17
Calculate the highest